h(c). List the prime factors of w(3).
2, 5, 7, 17
Suppose 49*m - 122942 = -34*m + 4207749. List the prime factors of m.
52177
Let k(a) = 65*a**2 - 20*a - 120. List the prime factors of k(-6).
2, 3, 5, 13
Let g(r) = -r**3 + 10*r**2 - 22. Let d be g(11). Let h = -81 - d. Suppose 132 = 2*y - h. What are the prime factors of y?
97
Suppose 10*h - 11*h + 9 = 0. Let f(n) = 52*n**2 - 4*n - 6 + 3*n - h*n**2 + 3*n. List the prime factors of f(2).
2, 5, 17
Suppose -11*d + 25*d = 13720. Suppose d = 5*n - 1290. What are the prime factors of n?
2, 227
Suppose 0 = -17*q + 10*q + 35. Suppose 5*t - 4165 = q*x, -5*t - x = -10*t + 4173. What are the prime factors of t?
5, 167
What are the prime factors of ((0 - 6) + -2278)*(-3)/6*7?
2, 7, 571
Let u(h) be the second derivative of h**4/3 - h**3/3 - h**2/2 - 5*h. Let q be u(-1). Suppose 14*i - q*i - 216 = 0. List the prime factors of i.
2, 3
Let y = -290 - -294. Suppose 0 = 3*c + y*i - 222 + 70, -4*c = 5*i - 204. What are the prime factors of c?
2, 7
Suppose 0 = 17*y - 15*y - 8, -25034 = -2*u - 4*y. What are the prime factors of u?
7, 1787
Suppose -2*g + 2*j - 4 = -3*g, 4*g + j = 44. Suppose 578 + 4270 = g*y. List the prime factors of y.
2, 101
Let q be (-110)/(-1045) + (-11778)/(-19). Suppose h + 5*g - q = 2*g, -2*g - 10 = 0. What are the prime factors of h?
5, 127
Let h be (2/4)/(5/440*4). Suppose -20*v + 2997 = -h*v. What are the prime factors of v?
3, 37
Let a(o) = 58*o**2 - 3*o + 1. Let c be a(-5). Suppose -c = -6*k + 328. Suppose 89 = -5*l + k. List the prime factors of l.
2, 3, 7
Let v = 17427 - 6173. What are the prime factors of v?
2, 17, 331
Suppose 38085 = -163*p + 298433 + 35008. What are the prime factors of p?
2, 3, 151
Let b = 35 + -8. Let t be -4 - (15330/(-54) + (-3)/b). Suppose j = -3*l + t, 6*j = 8*j - 2*l - 600. List the prime factors of j.
5, 59
Suppose 40*j - 5*f - 259245 = 35*j, -4*j + 3*f = -207397. What are the prime factors of j?
2, 5, 17, 61
Let u be (81/108)/((-1)/8). What are the prime factors of -4 + (-878)/u + 4/(-3)?
3, 47
Suppose -3*w + 108 + 2718 = 0. Let q = -468 - w. List the prime factors of 4*2/3*q/(-40).
2, 47
Let c(k) = -294*k - 12. Let g be c(-2). Suppose -5184 = g*b - 582*b. List the prime factors of b.
2, 3
Suppose 615*z + f - 38431 = 610*z, f - 1 = 0. What are the prime factors of z?
2, 3, 7, 61
Suppose n + 876 = 2*c, 5*c + n - 2197 = -0*c. Let q = -207 + c. What are the prime factors of q?
2, 29
Let l(r) = 35*r - 156. Let g be l(5). Suppose f = g*x - 16*x - 3179, -5*f + 3167 = 3*x. List the prime factors of x.
3, 353
Let i = 258 + -239. Suppose -23*w = -i*w - 2392. List the prime factors of w.
2, 13, 23
Suppose -s = -61 - 12. Let h be (35/(-7))/(10/(-12)*1). Suppose -4*p + 4*i + 372 = 0, -p + 2*i = h*i - s. List the prime factors of p.
89
Suppose -6 = -6*h, 6*v + 5*h = 5*v + 3161. What are the prime factors of v?
2, 3, 263
Let t(a) = 227*a**2 - 4*a. Let d be 3/(2/(-2) - 2). What are the prime factors of t(d)?
3, 7, 11
Suppose 2*c + 2*c = 5*l - 130, -c = 0. Let t(n) = -13 - l + 15*n + 9. What are the prime factors of t(10)?
2, 3, 5
Suppose -4*f - 4*k = -5*f, k = 1. Suppose -250 - 150 = -f*t. Let s = t - 57. What are the prime factors of s?
43
Suppose -8*x + 9*x + 655 = 0. Let j = -571 - x. What are the prime factors of j?
2, 3, 7
Suppose 25*r = 22*r + 4*c + 20194, 2*r - 2*c - 13464 = 0. List the prime factors of r.
2, 7, 13, 37
Let r(c) = 110*c + 30. Let o be r(9). Suppose -12*s = -2*s - o. Suppose -z + 2*l = -l - s, 2*l = 0. List the prime factors of z.
2, 3, 17
Suppose -394*p = -473*p + 770882. What are the prime factors of p?
2, 7, 17, 41
Suppose -5*d - 166 = -4*h, 4*d - 96 = -2*h - 0*h. List the prime factors of (-8)/h + (-21260)/(-44).
3, 7, 23
Let x(u) = 79*u - 244. Suppose 84 = 17*m - 5*m. List the prime factors of x(m).
3, 103
Let m = 288 - 485. Let l be 1/(m/(-66) + -3). What are the prime factors of (-12)/l + (-119)/(-11)?
11
Suppose -1017689 - 66251 = -52*b. List the prime factors of b.
5, 11, 379
Suppose 5*k - 25 = -5*p, 4*p = k - 4*k + 17. Suppose -2*q + 8 = -k*o - 1179, -5*o = -2*q + 1185. List the prime factors of q.
5, 7, 17
Let y(a) = -9*a + 1. Let j be y(1). Let v = -29 - j. Let r(x) = -x**2 - 24*x - 4. List the prime factors of r(v).
59
Let r(k) = -7*k - 50. Suppose 0 = n + 16 - 12. Let g be -46*(n/(-24))/(1/3). What are the prime factors of r(g)?
3, 37
Let p(k) = 4*k + 82. Let n be p(-19). Suppose -20*r + n*r = -1274. What are the prime factors of r?
7, 13
Suppose 4*n - 9228 = -2*v, -8*v + 2*n = -13*v + 23022. List the prime factors of v.
2, 3, 13, 59
Let y = -169 + 117. Let r = y - -242. List the prime factors of r.
2, 5, 19
Let l(k) = 3*k + 3. Let b be l(-1). Suppose -m - 2*m - m = b. Suppose 3*a - 6*a + 15 = m. List the prime factors of a.
5
Let g(c) = 399*c**3 - 10*c**2 + 30*c + 76. List the prime factors of g(5).
3, 29, 191
Let g(r) = 21*r**2 - 51*r - 45. List the prime factors of g(25).
3, 5, 787
Suppose -4*l = 5*h + 6025, 2*l + 5*h = l - 1495. List the prime factors of l/(9/((-63)/14)).
5, 151
Let g be ((7 + -7)/(2 + 1))/(-2). Suppose g = -4*t + 11*t - 784. Suppose -t + 837 = 5*z. What are the prime factors of z?
5, 29
Suppose -172*z + 84*z + 148*z = 1152000. List the prime factors of z.
2, 3, 5
Suppose -p - 8 = 3*p, 5*p - 15870 = -4*n. Let v = n + -2638. List the prime factors of v.
2, 3, 37
Let y = 59 - 55. Suppose -w - 50 = -5*z, y*w + 37 = 2*z - 1. List the prime factors of z.
3
Let g = -565 + 862. Suppose -303*r = -g*r - 1884. List the prime factors of r.
2, 157
Let h(t) = t**2 - 645 + 653 + 0*t - 4*t. Let x be h(2). List the prime factors of x + (-2*(-12)/(-8) - -76).
7, 11
Let b(v) = 2*v**2 + 33*v + 16. Let h be b(-16). Suppose 439 = -18*k + 23*k + 2*j, 2*k + j - 175 = h. List the prime factors of k.
89
Let n(f) = 8*f + 177. Let o be n(-7). Let s(v) = -3*v - 4. Let u be s(-3). Suppose -u*a + 474 = -o. List the prime factors of a.
7, 17
Let g = 9 - 4. Let y be (-42*(-4)/(-4))/((-16)/56). Suppose 0*o - o - 59 = -2*v, 3*o = g*v - y. What are the prime factors of v?
2, 3, 5
Let y = 21200 + -13773. What are the prime factors of y?
7, 1061
List the prime factors of 6/16*2 + (-1190153)/(-68) + -35.
2, 11, 397
Suppose 0 = 3*v + 2*v. Let k be v + 1/1 - (6 + -7). Suppose -k*b - 5*n = -4*b + 41, -21 = -2*b + n. What are the prime factors of b?
2
List the prime factors of 5025/9*(-1 - -10).
3, 5, 67
Let a be (-4)/10 - 796/10. Suppose -785 = -39*f + 112. Let z = f - a. List the prime factors of z.
103
Let m(o) = -o**3 + 6*o**2 - 8*o + 8. Suppose 0 = -4*f + 2*p + 6, 4*f = -5*p + 61 - 20. Let s be m(f). List the prime factors of (s - 4)*(-35)/(-4).
5, 7
Let m(z) = 6*z**3 - 8*z**2 + 7*z - 9. Suppose 4*o + 30 = 10*o. What are the prime factors of m(o)?
2, 3
Let z be (1884/8 - 5)*-2. Let r = 406 - z. What are the prime factors of r?
3, 17
Suppose -2 = 2*x - 6, -3*y + 3*x = -72. List the prime factors of y/65 - (-17392)/20.
2, 3, 5, 29
Suppose -3*g = -5*q + 10, -5*g + 0*g = 2*q - 4. Suppose -9 = -11*x + q*x. List the prime factors of (-4)/(-2) + (x - -50).
53
Let j be (1/3 + -537 + -1)*-3. Suppose -j - 403 = -2*k. List the prime factors of k.
2, 3, 7
Suppose 5*y - 1 = -4*c, 4*c + 2*y - 31 = 7*y. Let z = -39 - -42. Suppose -c*i + 115 = z*h - 160, 4 = 4*h. What are the prime factors of i?
2, 17
Suppose -17633 = -4*m + 7*i, -2279 = -4*m - 5*i + 15414. What are the prime factors of m?
7, 631
Let m(a) = -29*a - 2. Let c be 56/(-9) + (-4 - (-152)/36). Let d be m(c). Let y = 246 - d. List the prime factors of y.
2, 37
Suppose 6*d = -2*d + 816. Let u be 1 - 10/8 - d/(-24). Suppose 0 = -k - 0*k - 3*t + 78, -221 = -3*k + u*t. What are the prime factors of k?
3, 5
Suppose 11 = -4*u - 1. What are the prime factors of (u + 0)/(-1 + 0) - -292?
5, 59
Suppose g = -4*g + 4*m + 4496, 3*g - 4*m - 2696 = 0. Suppose -193 = -v + 5*f + 88, -3*v - 4*f + g = 0. What are the prime factors of v?
2, 37
Let d be 14/3*(299 - (-3 - -2)). Suppose 0 = -21*l + 17*l + d. What are the prime factors of l?
2, 5, 7
Let f be 5*(0 + (-4)/20 - -1). Suppose -f*z + 16 = 4. Suppose x - 260 = -3*i, -83 = -z*i - 3*x + 181. What are the prime factors of i?
2, 43
List the prime factors of (14/(-4))/(455/(-385060)).
2, 1481
Suppose -10*f = -7*f - 27. Let q(l) = -l**3 + 9*l**2 - 3*l + 30. Let c be q(f)